st the prime factors of (4 - z - 3) + 35 + 0.
2
Let h = 239 + -162. What are the prime factors of (h/33*-3)/((-1)/61)?
7, 61
Let r = 82 + -83. Let j be 640/40 + (-1)/(r/2). Suppose j*v - 260 = 16*v. What are the prime factors of v?
2, 5, 13
Let w(g) = 3*g**2 - 56*g + 4216. What are the prime factors of w(145)?
7, 79, 107
Suppose 4916 = 3*k + 1724. Suppose -3*m = -5*v - 1522 + 474, 0 = -3*m + v + k. What are the prime factors of m?
2, 89
Suppose -235*k = -68*k - 1139274. List the prime factors of k.
2, 3, 379
Suppose 2*h = 13 + 1. Suppose 0 = h*a - 4563 - 1016. List the prime factors of a.
797
Let r = 3274 - -7839. What are the prime factors of r?
11113
Suppose s + q - 5 = 0, 4*s - 5*q = 2*s - 11. Suppose -1353 = -4*n - k, -k + 15 = s*k. What are the prime factors of n?
337
Suppose -13*r + 222 = -376. Let i be (-1*5 + 1)/((-23)/r). Suppose -188 = -2*v + 5*p, 0 = 5*p + i + 12. What are the prime factors of v?
2, 3, 7
Suppose 0 = -146*m + 134*m + 218628. What are the prime factors of m?
3, 6073
Let r be -3 - -4 - 4 - -8. Suppose -r*m + 536 = -5*h - 304, -5*h = m - 174. Let k = -115 + m. What are the prime factors of k?
2, 3
Let a = 1876 + -41. Suppose -3*g + 1241 = 2*l + 120, -5*l = -5*g + a. What are the prime factors of g?
7, 53
Let y(u) = 19*u - 12*u**2 - 2 + 2*u**3 - 23*u**2 + 0 - 15. List the prime factors of y(17).
17
Let l = 22009 + -10297. List the prime factors of l.
2, 3, 61
Suppose -56 + 151 = -3*s + 5*o, -2*s + 2*o - 58 = 0. What are the prime factors of 15/s - 5688/(-30)?
3, 7
Let l = 3789 - 2158. What are the prime factors of l?
7, 233
Suppose 0 = -2*c - x + 38378, c - 16422 - 2758 = -2*x. List the prime factors of c.
2, 2399
Let u = 1149 + 1539. List the prime factors of u.
2, 3, 7
Suppose 1 - 7 = 2*m + 2*c, 3*m = 5*c + 7. Let x be (2 - m)/((-74)/(-80) - 1). What are the prime factors of 52/(4/8 - (-4)/x)?
2, 5, 13
Let t(h) be the third derivative of -h**6/120 + h**5/20 + h**4/3 - 5*h**3/6 + 9*h**2. Suppose -k = -5, 7*k = 5*n + 4*k - 5. What are the prime factors of t(n)?
11
Suppose -4*r - 58 = 174. Let y = r - -58. Suppose -4*w + y*w + 416 = 0. What are the prime factors of w?
2, 13
Let u(b) = 15*b**3 + 2*b**2 - 1. Let g be u(1). Let s = g + -11. Suppose 5*p + s = 30, -5*m + 225 = -3*p. List the prime factors of m.
2, 3
Let m(n) = 9*n**2 + 21*n + 39. Let s be m(36). Suppose -s = -16*t + 8821. What are the prime factors of t?
2, 5, 7, 19
Let r(x) = -x**2 - 2*x + 3. Suppose -2*a - 3*y = 13, -4 = -2*a + 3*y + 1. Let o be r(a). Suppose -700 = -2*f - o*f. List the prime factors of f.
2, 5, 7
Let s be 16 + -17 - 4*(0 + -2). Suppose -4*a + s*a = 3. List the prime factors of a - (-3)/((-9)/(-264)).
89
Let r = 190 + -175. Suppose 0*d - 2715 = -r*d. What are the prime factors of d?
181
Let r(z) = 39*z**2 + 11*z - 6. Let y(n) = 37*n**2 + 9*n - 5. Let l(k) = -4*r(k) + 5*y(k). Suppose 0 = 3*i + d, 3*i + d = -i + 1. List the prime factors of l(i).
29
Suppose -5*x + 1 - 5 = 4*h, -5 = -4*x + 5*h. Let l be ((-584)/(4 + x))/(6/3). What are the prime factors of l/(-1) + (1 - 2)*3?
2, 5, 7
List the prime factors of 9858/279*(69 + 0).
2, 23, 53
Let b = 338 - 336. Suppose 0 = 3*q + b*j - 1485, 2*q = 5*q + j - 1485. What are the prime factors of q?
3, 5, 11
List the prime factors of ((-18 + 211)*-267)/(-3).
89, 193
Let k = -55 + 53. Let m be (-1 - -1)/(k + (-1 - -4)). Suppose m = -q + 73 - 2. List the prime factors of q.
71
Let f(k) be the second derivative of -k**4/24 + 71*k**3/6 + 5*k**2 - 12*k. Let m(v) be the first derivative of f(v). What are the prime factors of m(0)?
71
Let r be (-4)/18 - (3760/(-72))/10. Suppose -5*q - 2775 = -5*n, -r*q - 2*n + 269 = 3051. Let j = q - -787. What are the prime factors of j?
3, 7, 11
Let t(i) = 11*i**2 - 19. Let c(y) = -y**3 - 20*y**2 + 20*y - 15. Let k be c(-21). List the prime factors of t(k).
13, 29
Let d(f) = f**3 + 9*f**2 + 3*f + 10. Let x be d(-8). Suppose -3*r = -4*r + 20. Let b = x + r. What are the prime factors of b?
2, 5, 7
Suppose 10*p + 2 = 11*p. Suppose p*r + j = 2*j, 0 = r + 2*j - 10. Suppose -5*w = -15, -4*a + r*w + 329 = w. What are the prime factors of a?
83
Suppose 0 = -6*o - 3*z + 67341, -3*z = 3*o - z - 33671. What are the prime factors of o?
3, 29, 43
Suppose 246625 = -64*g + 69*g + 5*r, -197270 = -4*g + r. List the prime factors of g.
149, 331
Suppose -t = -0*t - 4*n - 4, -4*n = 8. Let h be t/(20/(-465))*(0 + -1). Let l = h - -181. What are the prime factors of l?
2, 11
Suppose i + 45*z - 48*z = 644, -5*i + 3259 = -2*z. What are the prime factors of i?
653
Suppose -3*y + 0*y + 15 = 0. Suppose -2059 = -5*d + 6*a - 3*a, -5*d + 2065 = -y*a. Suppose 29*i - d = 27*i. What are the prime factors of i?
5, 41
Suppose 0 = 2*c + n - 2494, -5*c = -10*c + n + 6228. Let k = c + -450. List the prime factors of k.
2, 199
Let s(c) = 33*c - 67. Let a be (-5)/(20/(-108))*12/18. List the prime factors of s(a).
17, 31
Let m be 38/(-14) - (-12)/(-42). Let f be (-51)/(-1) - (2 + -1)*m. Let q = f - -12. What are the prime factors of q?
2, 3, 11
Let i = -384 - -388. Suppose -817 - 985 = -5*s - 2*f, s - 346 = -i*f. List the prime factors of s.
2, 181
Suppose -4*m + 76 = 76. List the prime factors of (m - (369 - -4))*(-1)/1.
373
Let s(o) = -o**2 - 13*o - 22. Let v be s(-9). Suppose v*z = 7*z - 364. Let r = z - -124. What are the prime factors of r?
2, 3
Suppose -5*z + 25 = 0, -6*p - 2*z = -3*p - 10. Let t(r) be the first derivative of -r**3/3 - r**2 + 67*r - 132. List the prime factors of t(p).
67
Let j be 4 + ((-7 - -2) + 9)/(-2). Suppose 2*z = -z + 4*v + 1702, j*v - 1696 = -3*z. What are the prime factors of z?
2, 283
Let n be 1*9/6 + (-4)/(-8). Let f be 2*8*(2 + -1)/n. Suppose f*b + 69 - 189 = 0. List the prime factors of b.
3, 5
Suppose -2*i - 2*t + 20 = 2*t, 5*t - 20 = 0. Let f(a) = -19 - 4*a**2 + 5*a**2 - 2*a**2 + 11*a + i*a. What are the prime factors of f(11)?
3
Let n = -9280 - -13247. List the prime factors of n.
3967
Let w = -53 + 82. Suppose -7*l - w = -1. What are the prime factors of (370/(-2))/(l/2 + 1)?
5, 37
Let z = 159 + -277. List the prime factors of (-55)/(-30)*9*z/(-3).
11, 59
Let g(v) = 56*v - 140. Let w(s) = 166*s - 419. Let l(y) = -8*g(y) + 3*w(y). What are the prime factors of l(11)?
7, 59
Let w be -1 - (0/(-1) - 4). Suppose -530 = 3*d - 2*u, d + 735 = -3*d - w*u. What are the prime factors of d/(-8) - 3/(-2)?
2, 3
Let z(f) = -7*f - 11. Let p = 14 - 16. Let g be z(p). Suppose -4*w + 4*q + 184 = 6*q, g*w - 3*q = 120. List the prime factors of w.
2, 11
Suppose 57766 = 7*s - 73757. What are the prime factors of s?
3, 6263
Suppose 11*b = 7*b + 8. Suppose 3*p + 3 = b*c, 0*p + p = c - 1. What are the prime factors of 72 + 9/3 + p?
2, 37
Suppose -22*r - 15 + 81 = 0. Suppose -j + 614 = x, -r*j + 20*x + 1842 = 15*x. List the prime factors of j.
2, 307
Suppose 3657 = 3*n + 3*b, -n - b = n - 2442. Let k = 2049 - n. List the prime factors of k.
2, 7, 59
Suppose -90 = 5*c - 135. Let d(t) = t + 3*t**2 + t**3 - 8*t**2 + 12*t**2 + c. List the prime factors of d(-5).
2, 3
Let j = 396 - 60. Let u(k) = -k**3 - 70 - 83 - 55 + k**2 + j. List the prime factors of u(0).
2
List the prime factors of (2 - (-27586 - -1)) + 290 + -293.
2, 431
Let r(x) be the first derivative of 151*x - 1/3*x**3 + 35 - 1/2*x**2. List the prime factors of r(0).
151
Suppose -3*g = -4*g + 5. Suppose -d - j = -3*j - 392, g*d = -3*j + 1895. Suppose 0 = 5*q - 3*h - d, 4*q - 263 - 41 = 2*h. List the prime factors of q.
2, 37
Suppose -2*f = -2*m + 12, -12 = 4*f - 2*m + 2. List the prime factors of 164/(-16)*-10*(f + 3).
5, 41
Let g(o) = 6*o**3 - 9*o**2 + 29*o - 28. Let p(f) = -4*f**3 + 6*f**2 - 20*f + 19. Let r(a) = 5*g(a) + 7*p(a). What are the prime factors of r(3)?
5, 7
Suppose -3*a = -2*c - 405, 2*a + 200 = -c + a. Let k = c + 349. List the prime factors of k.
2, 37
What are the prime factors of (-144 - -146)*(-72909)/(-2)?
3, 8101
Let x(m) = 4*m + 139. Suppose 0 = -3*j - 1 + 1. Let b be x(j). Suppose -2*d + b = -49. What are the prime factors of d?
2, 47
Suppose 0 = 2*u - 4*w - 46, -2*w = 2*w. Suppose u - 1 = 2*o. Let v(h) = h**3 - 12*h**2 + 13*h + 4. List the prime factors of v(o).
2, 13
Let y(j) be the third derivative of j**5/30 - 5*j**4/8 + 3*j**3/2 + 3*j**2. Let o be y(8). Let w = 37 - o. What are the prime factors of w?
2, 5
Let j